
Let v = -362 - -359. What is the units digit of v/4*(-8536)/22 - 3?
8
Let p(j) = -1995*j**3 + 3*j + 4. Let c be p(-1). Let v = -954 + c. What is the units digit of v?
2
Let m = -30546 + 60717. What is the ten thousands digit of m?
3
Suppose 23*p - 19413 = 11407. What is the hundreds digit of p?
3
Let h(y) be the second derivative of 101*y**5/20 + y**4/12 + y**2/2 - 13*y. Let u = 44 + -43. What is the hundreds digit of h(u)?
1
Let z = 243 - 238. Suppose u = 4*t - z*t + 153, 322 = 2*t - 2*u. What is the tens digit of t?
5
Suppose 0 = 12*k - 5 - 19. Let h be 0*k/(-18)*3. Suppose 0*z + 6*z - 1626 = h. What is the units digit of z?
1
Let n be 2/(-4) + (-116)/8. Let a = n + 18. Suppose 0*q - a*q + 2*r + 61 = 0, -q = 5*r - 43. What is the units digit of q?
3
Let a = -18009 + 26083. What is the units digit of a?
4
Let i(a) = -a**2 - 3*a - 2. Let h(l) = 3*l**2 + 7*l + 4. Let m(d) = 2*h(d) + 5*i(d). Suppose -21*r = -6*r + 210. What is the units digit of m(r)?
8
Let j(s) = -1068*s**2 + s**3 - 3*s**3 - 9*s - 20 + 1064*s**2. What is the tens digit of j(-5)?
7
Suppose 0 = -9*r + 10191 - 1794. Let x = r + -496. What is the tens digit of x?
3
Let d = -10531 + 22225. What is the hundreds digit of d?
6
Suppose 5*v - 10 = 0, 0 = -x + 5*v - 0*v - 33. Let u(k) = 2*k + 44. Let a be u(x). What is the units digit of 71 + 3 + (-5 - a)?
1
Let j(m) be the first derivative of 7*m**4/4 - 8*m**3/3 - 3*m**2/2 + 4*m - 131. What is the hundreds digit of j(5)?
6
Suppose 3*k - 1218 = -2*t, 2*k + 796 = 4*k - 4*t. Let c = -198 + k. Suppose -132 = d - c. What is the units digit of d?
4
Let k = -568 - -860. Let o = -200 + k. What is the tens digit of o?
9
Suppose 14 = i + x, 0 = 4*i - 9*i + 3*x + 46. Suppose -i*u + 141 = -541. Let s = u - 47. What is the tens digit of s?
1
Let f(s) = -2*s**3 + 6*s**2. Let g(b) = b**3 - b**2 - b. Let k(l) = f(l) + 3*g(l). Let w(r) be the second derivative of k(r). What is the units digit of w(9)?
0
Suppose -c = -47*a + 45*a - 40333, -15*c = -3*a - 604914. What is the thousands digit of c?
0
Let v(f) = 2*f**3 - 11*f**2 + 10*f. Let o be v(7). Suppose -252 = -0*i + 3*i. Let t = i + o. What is the tens digit of t?
3
Suppose -2*d - 414006 = -8*u, 15*u - 16*u + 3*d = -51737. What is the hundreds digit of u?
7
Let d = -104 + 105. What is the hundreds digit of (-20)/d*(308/(-35) - 2)?
2
Suppose 5 = -5*y, 5*o - 195597 = 178*y - 176*y. What is the units digit of o?
9
Let j(g) = -g**3 + 4*g**2 - 5. Let h(c) = -2*c**3 + 9*c**2 - 10. Let u(b) = -3*h(b) + 7*j(b). Let v be u(0). Let z = 40 - v. What is the units digit of z?
5
Suppose -51609 = -3*w - 29151. What is the thousands digit of w?
7
Let m be (-1)/(1/(-495)) + 12 + -8. Suppose 0 = -4*p - 4*g + 692, 2*p - 2*g = -p + m. What is the units digit of p?
9
Let n = 7516 + -3040. Suppose -n = 2*z - 14*z. What is the units digit of z?
3
Let z = -4351 + 8992. What is the tens digit of z?
4
Let b(h) = 3*h + 11*h - 31*h - 57 - 2*h. What is the units digit of b(-7)?
6
What is the thousands digit of 8*3844 - 2574/(-143)?
0
Let k(z) = 82727*z**2 + 31*z + 7. What is the thousands digit of k(-1)?
2
Let k = 24 + -21. Let f(n) = k*n**3 - 79*n**3 + 0 - 1 + 2. What is the tens digit of f(-1)?
7
Let m be 2/4 - (-45822)/28. Let u = m + -1107. What is the tens digit of u?
3
Suppose -2*c = -360 - 3996. Suppose 4*b = -5*z + 2034, 5*z - 5*b = -108 + c. What is the units digit of z?
0
Suppose -694*j - 25693 = -698*j - r, -4*r - 25648 = -4*j. What is the hundreds digit of j?
4
Suppose 0 = 3*v - 5*p - 15 - 15, -5*v + 5*p + 60 = 0. What is the hundreds digit of (0 - 388)*v/(-10)?
5
Suppose 7*j = -25*j - 4032. What is the units digit of (15768/j)/((-4)/14)?
8
Let u = 2595 - 65. What is the hundreds digit of u?
5
Suppose -4*w - 62 = -22. Let i(m) = -10*m - 70. Let s be i(w). What is the hundreds digit of ((-179)/(-2))/(s/60)?
1
Let l(f) = 3*f**2 - 8*f - 32. Let z be 80/(-14) + ((-88)/28)/11. What is the tens digit of l(z)?
2
Let h = -21 - -26. Suppose 4*m - h*c + 11 = 2, 5*m - 4*c = 0. Suppose -4*k = -p - 301, -m*k + k - 5*p = -197. What is the tens digit of k?
7
Let i(q) = 6*q**3 - 5*q**2 + q + 22. Let p be i(7). Suppose -26*f + 28*f + 464 = b, 4*b - p = f. What is the hundreds digit of b?
4
Suppose 3*i - 2*n = 185758, 4*n - 247704 = 71*i - 75*i. What is the thousands digit of i?
1
Suppose -34*l + 242297 - 19300 + 134207 = 0. What is the ten thousands digit of l?
1
Let a(p) = -5*p**2 - 12*p + 2. Let c be a(-4). What is the hundreds digit of ((-36)/c)/(1 - (-999)/(-1005))?
2
Let v = 24 + -22. Let w(g) = -27*g**2 + 7*g + 8*g + 28*g**v + 45 - 6. What is the tens digit of w(-14)?
2
Let a(x) = -7 - 5*x**2 + 76*x - x**3 - 40*x - 2 - 40*x. What is the units digit of a(-8)?
5
Let w(a) = 3*a - 5. Let g be w(-9). Suppose 2*y - q - 29 = -4, -3*y - q = -25. What is the tens digit of (15/y*-1)/(3/g)?
1
What is the hundreds digit of 481899/88 - 1/(-24)*-3?
4
Let d = 10304 + -5074. Suppose -13*s = -3558 - d. What is the hundreds digit of s?
6
Suppose 13*l = 245768 + 275246. What is the hundreds digit of l?
0
Let g = -231 + 255. What is the units digit of 0 + (2022/g - 2/8)?
4
Let w(x) be the third derivative of 1/24*x**4 + 0 + 1/60*x**5 - 33*x**2 + 23/2*x**3 + 1/120*x**6 + 0*x. What is the tens digit of w(0)?
6
Let i = 315 + -125. Let k = -41 + i. What is the tens digit of k?
4
Let m = 39 - 39. Suppose 6*l + 12 + 6 = m. What is the tens digit of (3 + l - 412)*3/(-12)?
0
Let x = 463 + -103. Let i = -241 + x. What is the tens digit of i?
1
Let g = 11138 - -693. What is the hundreds digit of g?
8
Suppose 3*r = 15 - 3. Suppose -r*i + 5 = -3*i. Suppose -b = -2*b - 2*y + 64, -128 = -2*b + i*y. What is the units digit of b?
4
Let h = 53861 + -38043. What is the ten thousands digit of h?
1
Let d be (15/(-6) + 2)*5738. Let z = d + 1771. What is the units digit of (-2)/5 + z/(-45)?
4
Let a(j) be the first derivative of 2*j**2 - 67*j - 29. Let c be a(18). What is the units digit of (c/((-45)/348))/(20/(-30))?
8
Let p(d) = d**2 - d + 420. Suppose -13*s + 11*s = 0. Let j be p(s). Suppose -2*b - 3*r + j = -0*b, 2*b - 404 = 5*r. What is the tens digit of b?
0
Let l(a) = -a**3 - 12*a**2 + 20*a - 22. Let y be l(-13). Let c = y + 846. What is the tens digit of c?
3
Let j = -700 - -1046. Let o = j + 822. What is the hundreds digit of o?
1
Suppose 0 = 434*c - 427*c - 630. What is the hundreds digit of (-108)/c - (-6526)/5?
3
Suppose -222*t = -225*t + 831. What is the hundreds digit of t?
2
Suppose -63739 = 20*s - 382468 - 247411. What is the tens digit of s?
0
Suppose -5*m - 88 = 4*f - 5, 2*f + 2*m + 44 = 0. Let q be ((-16)/(-12))/((-12)/f). Suppose y + 316 = 3*b, q*b - 313 = y - 3*y. What is the tens digit of b?
0
Let d(b) = -b**3 - 18*b**2 + 20*b + 27. Let q be d(-19). What is the units digit of (850 - (-6 - -2))*4/q?
7
Let f be 4 - (2096/(-32) - (-5)/2). Suppose 2*q + 0*q + 2 = -p, 2*q = 5*p - 14. Suppose p*o + 21 = f. What is the tens digit of o?
2
Let w be -10*(2 - -1 - -1). Let m = 216 - w. What is the hundreds digit of m?
2
Let m = 30390 - 14253. What is the thousands digit of m?
6
Let g be -1 + (-4 - 2*-13). Let f = g + 3. Let c = 62 + f. What is the units digit of c?
6
Suppose 39*l = 3196 + 1328. Let f(u) = u**2 + 2*u - 3. Let d be f(-3). Suppose d*r = 2*r - l. What is the tens digit of r?
5
Let v be (-62*(-1 + 2))/(-2). Let d = v + -32. What is the units digit of 3 + d - ((-30)/(-6) + -7)?
4
Let k = -24 + 35. Suppose -18 = -k*x + 8*x. What is the tens digit of 688/7 - (12/7)/x?
9
Let b = 1808 - -1966. What is the tens digit of b?
7
Let z(a) = 9 - a - 26 + 2. Let k be z(-11). What is the units digit of (-122)/k*(8 + -6)?
1
Suppose 4*s - 3*t - 1383 = 0, s + t - 1743 = -4*s. Let f = 510 - s. What is the hundreds digit of f?
1
Suppose z - 349611 = -5*y, -97*y = -100*y + 2*z + 209764. What is the hundreds digit of y?
9
Let r = -245 + 2455. Suppose 23*w - 18*w = r. What is the units digit of w?
2
Let r = 452 + -450. Suppose -8391 = -5*j + 2*m, r*j - 5*j = 2*m - 5041. What is the hundreds digit of j?
6
Suppose -1209 - 1129 = -2*k + 13500. What is the tens digit of k?
1
Suppose 13*n - 8 + 8 = 0. Suppose v + 5 = -3*y, n*y - y = v - 3. Suppose 2*x - 543 = 2*m - v*m, m + 3*x - 106 = 0. What is the tens digit of m?
0
Suppose -115805 + 4268030 = 75*f. What is the thousa